{"id":17,"date":"2020-06-29T14:20:14","date_gmt":"2020-06-29T14:20:14","guid":{"rendered":"http:\/\/martens-heizung.de\/?page_id=17"},"modified":"2020-07-05T15:53:14","modified_gmt":"2020-07-05T15:53:14","slug":"heizung","status":"publish","type":"page","link":"https:\/\/martens-heizung.de\/?page_id=17","title":{"rendered":"Neuinstallation und Modernisierung von Heizungsanlagen"},"content":{"rendered":"\n<figure class=\"wp-block-image size-large\"><img fetchpriority=\"high\" decoding=\"async\" width=\"795\" height=\"250\" src=\"http:\/\/martens-heizung.de\/wp-content\/uploads\/2020\/06\/Pelletkessel.png\" alt=\"\" class=\"wp-image-73\" srcset=\"https:\/\/martens-heizung.de\/wp-content\/uploads\/2020\/06\/Pelletkessel.png 795w, https:\/\/martens-heizung.de\/wp-content\/uploads\/2020\/06\/Pelletkessel-300x94.png 300w, https:\/\/martens-heizung.de\/wp-content\/uploads\/2020\/06\/Pelletkessel-768x242.png 768w\" sizes=\"(max-width: 795px) 100vw, 795px\" \/><\/figure>\n\n\n\n<h3 class=\"wp-block-heading\">Gasheizungen, \u00d6lheizungen, Pelletkessel, W\u00e4rmepumpen<\/h3>\n\n\n\n<p class=\"has-text-color has-normal-font-size has-very-dark-gray-color\">Gasbrennwertger\u00e4te geh\u00f6ren schon lange zum Hauptw\u00e4rmeerzeuger in Wohngeb\u00e4uden. Sie arbeiten energiesparend, modulierend und witterungsgef\u00fchrt, um sich immer genau an den W\u00e4rmebedarf des Geb\u00e4udes anzupassen.<\/p>\n\n\n\n<p class=\"has-text-color has-normal-font-size has-very-dark-gray-color\">Die \u00d6lheizung wird mittlerweile nur noch selten verbaut. Auch \u00d6lbrennwertkessel arbeiten \u00e4hnlich sparsam wie die Gasbrennwertkessel.<\/p>\n\n\n\n<p class=\"has-text-color has-normal-font-size has-very-dark-gray-color\">Pelletkessel arbeiten mit 100% regenerativem Brennstoff. Pellets sind eine umweltbewusste Alternative gegen\u00fcber fossilen Brennstoffen.<\/p>\n\n\n\n<p class=\"has-text-color has-normal-font-size has-very-dark-gray-color\">W\u00e4rmepumpen sind f\u00fcr Niedrigenergieh\u00e4usern DIE Alternative zu fossilen Brennstoffen. Luft-Wasserw\u00e4rmepumpen beziehen ihre Energie aus der Umgebungsluft, Sole-Wasserw\u00e4rmepumpen nutzen Tiefenbohrungen oder Erdkollektoren aus W\u00e4rmequelle.<\/p>\n\n\n\n<p class=\"has-text-color has-normal-font-size has-very-dark-gray-color\">W\u00e4rmepumpen im Zusammenspiel mit einer Photovoltaikanlage machen das Geb\u00e4ude teilweise unabh\u00e4ngig von Energieversorgern.<\/p>\n","protected":false},"excerpt":{"rendered":"<p>Gasheizungen, \u00d6lheizungen, Pelletkessel, W\u00e4rmepumpen Gasbrennwertger\u00e4te geh\u00f6ren schon lange zum Hauptw\u00e4rmeerzeuger in Wohngeb\u00e4uden. Sie arbeiten energiesparend, modulierend und witterungsgef\u00fchrt, um sich immer genau an den W\u00e4rmebedarf des Geb\u00e4udes anzupassen. Die \u00d6lheizung &#8230;<\/p>\n","protected":false},"author":1,"featured_media":0,"parent":0,"menu_order":0,"comment_status":"closed","ping_status":"closed","template":"","meta":{"ngg_post_thumbnail":0,"footnotes":""},"class_list":["post-17","page","type-page","status-publish","hentry"],"_links":{"self":[{"href":"https:\/\/martens-heizung.de\/index.php?rest_route=\/wp\/v2\/pages\/17","targetHints":{"allow":["GET"]}}],"collection":[{"href":"https:\/\/martens-heizung.de\/index.php?rest_route=\/wp\/v2\/pages"}],"about":[{"href":"https:\/\/martens-heizung.de\/index.php?rest_route=\/wp\/v2\/types\/page"}],"author":[{"embeddable":true,"href":"https:\/\/martens-heizung.de\/index.php?rest_route=\/wp\/v2\/users\/1"}],"replies":[{"embeddable":true,"href":"https:\/\/martens-heizung.de\/index.php?rest_route=%2Fwp%2Fv2%2Fcomments&post=17"}],"version-history":[{"count":13,"href":"https:\/\/martens-heizung.de\/index.php?rest_route=\/wp\/v2\/pages\/17\/revisions"}],"predecessor-version":[{"id":222,"href":"https:\/\/martens-heizung.de\/index.php?rest_route=\/wp\/v2\/pages\/17\/revisions\/222"}],"wp:attachment":[{"href":"https:\/\/martens-heizung.de\/index.php?rest_route=%2Fwp%2Fv2%2Fmedia&parent=17"}],"curies":[{"name":"wp","href":"https:\/\/api.w.org\/{rel}","templated":true}]}}